444163
92d33 (base 14) to base 10
353825
15745 (base 11) to base 15
6897
Convert 53187 (base 13) to base 14.
3c792
What is -5022652 (base 8) in base 4?
-11002112222
-347638 (base 12) to base 11
-525a39
-a4e7 (base 15) to base 9
-52741
33148 (base 16) to base 15
41ed4
-42525500 (base 6) to base 3
-2100210121200
-56a497 (base 11) to base 13
-259ab4
-60b7a (base 13) to base 15
-36551
What is 14b17b1 (base 12) in base 14?
7b912d
-13201355 (base 6) to base 14
-b4b79
1520244 (base 6) to base 16
158a4
Convert 6190 (base 11) to base 5.
230311
What is -46116200 (base 7) in base 12?
-141b272
Convert 1000210000200 (base 3) to base 4.
2011133100
Convert -5154204 (base 8) to base 7.
-14416640
Convert -3123332212 (base 4) to base 9.
-1622874
What is -4141023330 (base 5) in base 12?
-2a36085
What is -4182 (base 16) in base 7?
-66615
Convert 2101db (base 14) to base 9.
2077661
What is 11001110010010000111 (base 2) in base 16?
ce487
What is -101100000022 (base 3) in base 13?
-71771
-120031045 (base 6) to base 11
-12a2736
367610 (base 11) to base 2
10001101110110111101
Convert 511403240 (base 6) to base 4.
201121310220
5450a (base 12) to base 13
3b893
Convert -2b2858 (base 12) to base 13.
-1c7615
What is -83a287 (base 11) in base 7?
-14304064
What is -2732234 (base 9) in base 13?
-40583b
What is 255251421 (base 6) in base 2?
10011001000010001000101
-15030 (base 11) to base 5
-1140304
12202002 (base 3) to base 12
250b
Convert -176778 (base 9) to base 14.
-2c124
-1279396 (base 12) to base 4
-31321313202
Convert -25245202 (base 6) to base 2.
-11000110111111000010
What is 2083900 (base 10) in base 3?
10220212120111
What is -1124241 (base 11) in base 13?
-53b707
-1457667 (base 8) to base 13
-118193
-235442 (base 11) to base 14
-9a01c
-1115358 (base 9) to base 2
-10010010101110100000
What is 7d2c92 (base 15) in base 16?
5b4c69
-330511330 (base 6) to base 8
-26450706
What is -5015734 (base 9) in base 6?
-133103521
-112242301 (base 5) to base 6
-14524500
30bcbd (base 14) to base 5
410134200
What is 53060325 (base 7) in base 13?
c106b0
What is -151a107 (base 11) in base 3?
-11220100020121
Convert 201 (base 9) to base 10.
163
-65a620 (base 12) to base 6
-54340040
Convert 1385771 (base 10) to base 13.
3969aa
Convert 2004bb (base 14) to base 7.
12102524
-31518d (base 16) to base 12
-10ba551
-4906e7 (base 15) to base 14
-66d80c
10010033 (base 4) to base 15
4e05
What is 512264 (base 9) in base 15?
5edc4
What is -454331 (base 6) in base 11?
-26a89
-76a4a5 (base 11) to base 5
-303312422
-6e265 (base 15) to base 12
-14b535
52a46 (base 11) to base 8
226507
231923 (base 11) to base 16
59f56
2207177 (base 9) to base 12
49258a
2011123100 (base 4) to base 14
103248
What is -20135123 (base 6) in base 16?
-8bcfb
What is 2003122103 (base 4) in base 9?
1010315
What is 94925 (base 13) in base 8?
1012175
23794 (base 12) to base 8
135240
Convert 25361416 (base 7) to base 11.
1331615
-24a1a4 (base 14) to base 7
-13453664
2224631 (base 11) to base 9
7304538
-222b74a (base 12) to base 15
-89026d
Convert -341200 (base 8) to base 10.
-115328
What is 371445 (base 9) in base 11?
14346a
What is 2693900 (base 10) in base 5?
1142201100
Convert 2bfdac (base 16) to base 14.
55091a
210212120220 (base 3) to base 16
691cb
What is 351dc1 (base 15) in base 10?
2537731
What is -203230102 (base 4) in base 11?
-9a924
450047 (base 10) to base 15
8d532
-21001101021 (base 3) to base 4
-201320203
What is -1b23d7 (base 15) in base 7?
-14152462
-1001011011101000010 (base 2) to base 16
-4b742
1c4397 (base 13) to base 10
723444
Convert 47b249 (base 13) to base 4.
12201121201
Convert -1b7537 (base 14) to base 15.
-14585c
Convert 1bb0423 (base 13) to base 6.
525424312
What is -19b73 (base 14) in base 9?
-108602
5666564 (base 8) to base 7
16023143
Convert -1131659 (base 12) to base 14.
-61c71b
What is -1000000010011011001001 (base 2) in base 7?
-23624044
1162353 (base 11) to base 13
55b080
-4581700 (base 10) to base 14
-873a04
What is 1654035 (base 8) in base 10?
481309
Convert 3183543 (base 10) to base 11.
1884930
-323601 (base 10) to base 11
-201143
Convert -68545c (base 16) to base 14.
-c9da56
Convert -381580 (base 10) to base 5.
-44202310
Convert 10110100001111000110 (base 2) to base 8.
2641706
-21442050 (base 6) to base 3
-1012200102010
Convert -876645 (base 9) to base 8.
-1775724
-112167 (base 11) to base 14
-490d6
-440c0 (base 16) to base 7
-2240411
What is 10213000012 (base 4) in base 9?
2241454
5277520 (base 8) to base 9
2576516
What is -8791 (base 11) in base 15?
-3680
2e6062 (base 15) to base 7
25051322
1924b0b (base 12) to base 8
24077473
Convert -43033 (base 8) to base 15.
-54b7
22a24c (base 13) to base 4
3020231000
Convert 290510 (base 14) to base 4.
11123100302
132300310 (base 4) to base 11
8673a
Convert -105b17 (base 13) to base 5.
-44243112
Convert 10010202111220 (base 3) to base 8.
6272347
Convert 1311313302 (base 4) to base 6.
14203110
-5555142 (base 6) to base 14
-73d66
e72d1 (base 15) to base 8
2627535
Convert 3bd8a (base 16) to base 5.
30321010
What is 1134420 (base 10) in base 13?
309471
112220022010221 (base 3) to base 14
10a1a76
34666400 (base 7) to base 12
103611b
Convert -2adc57 (base 14) to base 5.
-340413114
Convert 212200200 (base 3) to base 5.
1023041
What is -2213341110 (base 5) in base 2?
-10010011001110111010010
-66355102 (base 7) to base 16
-5725f0
-451859 (base 13) to base 8
-6162560
-279064 (base 13) to base 6
-32343224
51064664 (base 7) to base 12
1510422
What is 1045646 (base 9) in base 5?
120434413
6d006c (base 14) to base 15
4d91ed
What is 80906 (base 13) in base 9?
380462
Convert -327d07 (base 14) to base 4.
-12201333003
-a1629 (base 12) to base 9
-350036
Convert d111 (base 15) to base 5.
2402431
5ab69 (base 13) to base 8
505501
What is -1964c (base 15) in base 5?
-10114142
Convert -3758b (base 15) to base 13.
-625b8
Convert -164056635 (base 7) to base 15.
-eb0ce3
What is 1a82c (base 13) in base 16?
cad1
What is -1684916 (base 13) in base 12?
-253885b
Convert 20de1a (base 15) to base 14.
2ca8ac
Convert -163306 (base 16) to base 3.
-2201220200111
Convert -2b2775 (base 12) to base 4.
-2302103021
Convert a1978 (base 11) to base 2.
100100010110110011
Convert 80294 (base 10) to base 13.
2a716
Convert 12220021121 (base 3) to base 5.
12203431
Convert -11c240 (base 16) to base 7.
-12615056
What is 109751 (base 12) in base 4?
1000303231
What is 10000110111010110000 (base 2) in base 12?
227980
What is -473413 (base 11) in base 10?
-751182
-27904 (base 14) to base 4
-113320100
Convert 23003313123 (base 4) to base 14.
5568d5
186675 (base 10) to base 2
101101100100110011
What is 50a718 (base 13) in base 15?
271de4
What is 5853 (base 14) in base 4?
3300001
Convert -22112202002211 (base 3) to base 8.
-21246462
414674 (base 10) to base 4
1211033102
-2257416 (base 12) to base 16
-647e92
What is -785024 (base 9) in base 15?
-9419d
-1987b (base 12) to base 6
-445435
Convert -40413312 (base 6) to base 15.
-17b908
What is -1122302123 (base 4) in base 14?
-9973d
What is aa9dc (base 16) in base 12?
298510
-103893 (base 12) to base 8
-762457
What is -110012002331 (base 4) in base 12?
-19204a5
476465 (base 9) to base 5
33140010
What is -4a625 (base 13) in base 12?
-67523
-13234200 (base 6) to base 5
-103042110
Convert 549979 (base 12) to base 9.
2467613
What is -1111100423 (base 5) in base 10?
-2440738
-3103302200 (base 4) to base 3
-1122001222012
-6304a6 (base 14) to base 11
-1983812
176682 (base 9) to base 5
12004120
Convert -4d4b9 (base 15) to base 4.
-330122121
Convert -54322403 (base 6) to base 16.
-189c03
Convert 1b028a4 (base 12) to base 9.
11700137
Convert 122c59 (base 15) to base 13.
2460b4
What is 1400741 (base 8) in base 7?
3226543
What is -152043543 (base 6) in base 8?
-14100227
Convert 522307 (base 8) to base 11.
109195
-4d83a (base 16) to base 14
-839c6
18b863 (base 12) to base 13
122c91
What is -67b01 (base 15) in base 7?
-2542444
Convert 11102425 (base 6) to base 7.
2563364
Convert 31d25 (base 14) to base 16.
1d6fd
What is -5a091c (base 14) in base 12?
-104367a
9a1983 (base 14) to base 6
304025131
Convert 4964a (base 13) to base 5.
13310333
22040333 (base 5) to base 6
4024021
10122012220020 (base 3) to base 11
1100515
What is -105746 (base 9) in base 7?
-352362
Convert -212023222102